 is i(g)?
-6
Let f(n) = n**3 - 3*n**2 - n. Let u = -8 + 5. Let h = u + 5. Suppose 5*v - 30 = 3*g, -v - h*g = 3*v - 2. Give f(v).
-3
Let m(g) = -g**3 + 3*g + 5. Let p be m(0). Let z(y) = -y**3 + 4*y**2 + 7*y - 4. Give z(p).
6
Let j(m) = 2*m**3 + 2*m**2 - m + 2. Let n(b) = -b**2 - 4*b - 5. Let o be n(-3). Give j(o).
-4
Let l(d) = d - 1. Let h be 13/(-2)*10/(-5). Suppose 3*z - 4*k - h = 6, 2*k = 4*z - 22. Give l(z).
4
Let p(g) = -2*g + 6. Let i be 10 + (-6 - (-2 + -1)). Determine p(i).
-8
Let y(r) = 3*r**2 + 4*r + 8. Let f(v) = -16*v**2 - 19*v - 41. Let k(m) = -2*f(m) - 11*y(m). Determine k(-5).
-1
Suppose 4*j - j - 15 = 0. Suppose -8*d = -3*d - 10. Let f(o) = 2 - 4*o**d - 1 + 5*o + 3*o**2. Calculate f(j).
1
Let d(j) = -2 + 2*j**3 + 3 + 2 - 4 + 2*j. Determine d(1).
3
Let a be (-6 + 5)*(0 - -1). Let h(v) be the second derivative of v**4/12 - v**3/6 - v. Give h(a).
2
Let q(t) = -t**3 + t**2. Let z(d) be the second derivative of 3*d**5/20 - d**4/3 - d**3/2 - 2*d**2 + 11*d. Let g(j) = 2*q(j) + z(j). Give g(3).
-4
Let x(t) = -t**3 - 3*t**2 - t + 2. Let o(q) = -2*q**3 + q**2 + 4*q + 3. Let a be o(-2). Let i be (-4)/(12/a) + 2. Calculate x(i).
5
Let h(t) = t**3 - 8*t**2 + 13*t - 10. Let z be h(6). Let l(x) = x + 5. Calculate l(z).
1
Let q(h) = 2*h**2 + 2*h + 6. Let z(f) = -f**2 - f + 1. Let t(v) = -q(v) - 3*z(v). Give t(0).
-9
Let f(z) = z**3 + 4*z**2 - 10*z + 9. Let m(r) = r**3 + 5*r**2 - 11*r + 10. Let p(h) = 7*f(h) - 6*m(h). Let t be (1*-1)/(4/(-8)). Calculate p(t).
-5
Let s be 14/6 - (-12)/18. Suppose s*x + 6 = x. Let f(p) be the first derivative of -p**3/3 + 1. Determine f(x).
-9
Let v be (-2)/2 + 2*-1. Let j = 0 + v. Let k(n) = n**3 + 2*n**2 - n + 1. Give k(j).
-5
Let d(q) be the first derivative of -7*q**3/3 + q**2/2 - q + 42. Calculate d(2).
-27
Let f(j) = -2*j**3. Let o(l) = l**2 - 9*l + 6. Let y be o(8). Let h be (y/6)/(-1)*3. Let i be (1/3)/(h/3). What is f(i)?
-2
Let d(u) be the second derivative of 5*u**3/6 - u**2/2 + 2*u - 1. Determine d(4).
19
Let z(b) = b**3 + b**2 + b + 1. Let g be z(0). Suppose -5*h + 21 = -2*h. Let p(n) = -1 - h*n - n + n. Give p(g).
-8
Let o(t) = t**3 - 5*t**2 + 3*t + 2. Let y be o(4). Let l(m) = m + 1. Let c(w) = 6*w + 2. Let n(d) = c(d) - 3*l(d). Determine n(y).
-7
Let z(b) = -12*b - 15*b + 34*b + 3. Give z(-2).
-11
Let s(z) = 2*z**3 - 2*z**2 + z. Let f = -1 - -1. Let o = -9 + 13. Suppose f = k + k - o. Calculate s(k).
10
Let z(q) = -4*q**3 - 2*q**2 + 3*q. Let o(d) = -4*d**3 - 3*d + 2*d**2 + 5*d - 3*d**2. Let c(f) = 4*o(f) - 3*z(f). Give c(1).
-3
Let w(f) be the third derivative of f**5/60 + f**4/24 + f**3/6 + 5*f**2. Give w(3).
13
Let i(y) = -2*y**2 + 7*y - 5. Let v(x) = 3*x + 4. Let k be v(0). Determine i(k).
-9
Let v(b) = -b**3 + 6*b**2 - b + 2. Let f = 40 + -34. What is v(f)?
-4
Let a(r) = -3*r**2 + 1 - r - r**2 + 6*r**2. Suppose 3*c + 0 = 6. Calculate a(c).
7
Let v(x) = -1. Let k(c) = c - 8. Let l(f) = -k(f) + 5*v(f). Suppose -4*h + 0*h - g - 3 = 0, 26 = -3*h + 4*g. Let u(d) = -3*d - 2. Let z be u(h). Calculate l(z).
-1
Let b(a) be the third derivative of a**4/12 + a**3/3 + 14*a**2. Let v(i) = i**2 - i - 2. Let s be v(0). Calculate b(s).
-2
Suppose -w + 48 = 3*w. Let n(p) = -p + 14. Let b be n(w). Let m(i) be the first derivative of 2*i**3/3 + i**2/2 - i - 1. What is m(b)?
9
Let b(v) = -v + 2. Let r be b(-6). Let s = -14 + r. Let m be (-4)/12 + (-20)/s. Let g(x) = x - 2. Determine g(m).
1
Let l(k) = k**3 + 5*k**2 - 6*k + 4. Let n(q) = -q**3 + 6*q**2 - 6*q. Let f be n(4). Let c be (8/(-6))/(f/36). Determine l(c).
4
Let g(p) = -p**3 - 3*p**2 + p - 4. Let r be g(-3). Let l(v) = 18*v**2 - 1 - 19*v**2 + 0 - 7*v. Calculate l(r).
-1
Let b(g) = 4 + 6*g**2 + 5 - g**3 - 4. Let a = -4 + 10. What is b(a)?
5
Let x(i) be the second derivative of -i**5/20 - i**4/12 - i**3/3 + 20*i. Determine x(-2).
8
Let s(i) = 2*i + 2. Let m be s(-2). Let n(z) be the third derivative of z**4/12 + z**2. Determine n(m).
-4
Let g(b) = -3*b**3 + 4*b**2 + 20*b - 20. Let y(u) = -u**3 + u**2 + 7*u - 7. Let s(h) = 3*g(h) - 8*y(h). What is s(5)?
-9
Let a(r) = 5*r**3 + 2*r**2 + 5*r + 8. Let k(m) = -14*m**3 - 6*m**2 - 14*m - 23. Let p(q) = 17*a(q) + 6*k(q). Let b be 1/(-2)*(-1 - 3). Determine p(b).
0
Let v(i) = i**3 + i**2 + 11. Let h = -20 + 20. Determine v(h).
11
Let p(i) = 3*i**2 + 1. Let v(l) = l + 8*l - l**2 + 5*l - 15*l. Let o be v(1). Give p(o).
13
Let h(l) = -l**3 - 10*l**2 - 9*l + 2. Let n be h(-9). Let o = n + -4. Let p(t) = -t**3 - t**2 - t + 1. Give p(o).
7
Let z = -11 - -11. Suppose z = -f - 4, -2*f + 19 = 3*d - 6*f. Let s(t) = -8*t. Determine s(d).
-8
Suppose -2*d = -8 + 2. Suppose -3*p = -4*p - d. Let w(j) = j - 2. Calculate w(p).
-5
Let h(j) = j + 9. Suppose 4*y = -8, 2*o + y - 3 = 1. Suppose -o*x = -x. Let d be (0 - x)/(15/(-5)). Give h(d).
9
Suppose 4*o + 2 - 10 = 0. Suppose -5*k + 0*w = -2*w + 11, -o*w + 1 = 5*k. Let y(m) = -5*m**3 + m. Give y(k).
4
Let t(a) be the second derivative of a**5/20 - 5*a**4/12 + a**2 - 4*a. Give t(5).
2
Let v(z) be the second derivative of -1/2*z**2 + 10*z + 0 + 1/12*z**4 + 5/6*z**3. Calculate v(-5).
-1
Suppose 8 = -2*p + 4*p. Let d(b) be the third derivative of 1/120*b**6 + 0 - 1/20*b**5 - b**2 - 1/2*b**3 - 1/12*b**4 + 0*b. What is d(p)?
5
Let d(r) = -r**2 + 5*r + 2. Suppose 5*x - 75 = -0*x. Let k = x - 9. Calculate d(k).
-4
Let x(w) = 9*w - 14. Let d(m) = 13*m - 21. Let b(o) = -5*d(o) + 7*x(o). Determine b(5).
-3
Let l(w) = -2*w - 5. Let i(o) = -6*o - 58. Let f be i(-9). What is l(f)?
3
Let x(y) = -y**3 + 2*y**2 - 6*y**2 - 6 - 2*y**2 - 8*y. Let i(m) = -m. Let s(u) = 3*i(u) - x(u). Suppose -5*j + j - 20 = 0. Determine s(j).
6
Let m = 3 + -1. Suppose m*w = -w - 18. Let r(l) = 0 + 1 + 1 + 7*l**2 + 5*l + l**3 - 3. Give r(w).
5
Let q(l) be the second derivative of -l**3/6 - l**2 + 9*l. Let b(u) = u - 1. Let r be b(5). Calculate q(r).
-6
Let b(f) = -f. Suppose -2*s - 3*s - 50 = 0. Let h = s + 16. Give b(h).
-6
Let o(d) = 6*d**2. Let l be o(1). Let q(y) = -8*y - 1. Let w(b) = 2*b. Let c(f) = l*w(f) + 2*q(f). Let z be (4/(-6))/(2/6). Calculate c(z).
6
Let n(i) = 13*i + 5. Let v = 2 - 7. Let m(h) = -64*h - 24. Let c(z) = v*m(z) - 24*n(z). Let p = 6 + -7. Give c(p).
-8
Let s be (2 - 7 - 3)/2. Let m(f) = 4*f. What is m(s)?
-16
Let s(c) = 7*c**3 - 3*c**2 - 5*c + 2. Let j(a) = a**2 + 2 + 8*a**3 - 4*a - 5*a**2 - 2*a. Let l(q) = 5*j(q) - 6*s(q). What is l(-2)?
6
Let i be (-26)/(-8) + 2/(-8). Let n(f) = -2*f + 4*f**2 + i*f - 4*f**2 + f**2 + 3. Let c = -6 - -6. Determine n(c).
3
Let n(j) = -j**2 + 6*j + 4. Suppose -11*p + 9*p + 12 = 0. What is n(p)?
4
Let h(d) be the third derivative of -d**4/24 - d**3/6 - 5*d**2 + 3. What is h(-8)?
7
Suppose -3*y = -4*m - 4, -3*y = 2*m + 3 - 19. Suppose 0*r = y*r. Let k(z) = z**2 + 6 + r*z**2 + z**3 + 0*z**2 - z. Calculate k(0).
6
Let m(v) = -15 - 1160*v + 5 + 1164*v. What is m(9)?
26
Let r(d) = -d. Suppose 3*o + 3 = -2*k, -4*o - k = -6*k + 27. Let y(w) = -2*w - 9. Let j(p) = o*r(p) + y(p). Let l be ((-5)/2)/((-6)/12). Determine j(l).
-4
Let z(v) = v**2 - 4*v. Let d be z(2). Let b(q) = -q**3 + q**2 + 2*q + 2. Let a(o) = -o**3 + 3*o + 3. Let p(m) = -4*a(m) + 3*b(m). Calculate p(d).
2
Let t(c) = c**3 + 6*c**2 + c + 8. Let u = -14 - -8. Give t(u).
2
Let i be (-2 - 0)*(-2 - 0). Suppose 4 = -i*w - 8. Let c(f) = -f**2 - 4*f + 1. What is c(w)?
4
Let j(k) be the first derivative of -k**4/4 + 10*k**3/3 - 9*k**2/2 + 3*k - 14. What is j(9)?
3
Let w(n) be the second derivative of n**4/12 - 5*n**3/6 + n**2/2 - 3*n. Let z(j) be the first derivative of w(j). Suppose -2*u + 16 = 6. Determine z(u).
5
Let i(u) = -u**3 + u**2. Let b be -1*(-3 - (-6)/3). Give i(b).
0
Suppose 9*m = 10*m + 8. Let a(y) = -y**3 - 7*y**2 + 9*y - 2. Calculate a(m).
-10
Let y(w) be the first derivative of w**4/4 + w**3/3 - 13*w + 5. Calculate y(0).
-13
Let p(c) = 0 - c**2 - 5 + 0*c**2 - 5*c. Suppose 2*u - 3*r = -17, 0*r = 2*r - 6. Calculate p(u).
-1
Let d(q) = q - 3. Suppose 4*v - 2 = -3*b - 6, -5*b + 12 = 2*v. Calculate d(v).
-7
Let u(v) be the third derivative of v**5/60 + 5*v**4/24 + 147*v**2. Suppose -4*w = -w + 18. What is u(w)?
6
Let v(w) = -1 - 5 - 7*w - 1. Let h be v(-5). Suppose -l - 4*j - h = j, -2*j = -2*l + 4. Let k(i) = -i**3 - 3*i**2 - i - 1. What is k(l)?
2
Let d be 0/((-1 - -3) + -4). Suppose d = -2*y - y. 